tors of 169609532.
2, 1889, 22447
What are the prime factors of 698304623?
5821, 119963
What are the prime factors of 773733235?
5, 11, 14067877
What are the prime factors of 129626492?
2, 3539, 9157
List the prime factors of 200337452.
2, 7, 17, 23, 29, 631
List the prime factors of 7640691.
3, 73, 139, 251
What are the prime factors of 1897798290?
2, 3, 5, 619, 102197
List the prime factors of 33051222.
2, 3, 19, 241, 401
What are the prime factors of 3600523689?
3, 7, 47, 3647947
What are the prime factors of 76219465?
5, 7, 2177699
What are the prime factors of 146286051?
3, 1427, 34171
List the prime factors of 75852335.
5, 13, 223, 5233
What are the prime factors of 505047348?
2, 3, 13, 41, 26321
List the prime factors of 428658768.
2, 3, 2976797
List the prime factors of 310674152.
2, 38834269
What are the prime factors of 14820632?
2, 1852579
What are the prime factors of 904184318?
2, 37, 12218707
What are the prime factors of 768201828?
2, 3, 64016819
What are the prime factors of 837939670?
2, 5, 83793967
List the prime factors of 32814557.
32814557
List the prime factors of 4745745871.
23, 2887, 71471
What are the prime factors of 1876393549?
47, 39923267
List the prime factors of 1942674962.
2, 18443, 52667
List the prime factors of 70045520.
2, 5, 101, 8669
List the prime factors of 986102939.
311, 1583, 2003
What are the prime factors of 21457658?
2, 83, 129263
What are the prime factors of 230262954?
2, 3, 347, 110597
List the prime factors of 27906312.
2, 3, 7, 43, 3863
List the prime factors of 6859361.
19, 19001
List the prime factors of 246865216.
2, 13, 296713
List the prime factors of 590273263.
31, 1447, 13159
What are the prime factors of 5060853388?
2, 30529, 41443
List the prime factors of 10544154.
2, 3, 31, 83, 683
List the prime factors of 206252829.
3, 22916981
List the prime factors of 126226480.
2, 5, 619, 2549
What are the prime factors of 1569928855?
5, 11, 28544161
What are the prime factors of 2988559978?
2, 317, 1753, 2689
List the prime factors of 547395231.
3, 182465077
List the prime factors of 1446026.
2, 31, 83, 281
List the prime factors of 39633510.
2, 3, 5, 7, 79, 2389
List the prime factors of 478300644.
2, 3, 17, 257, 3041
List the prime factors of 104971124.
2, 17, 19, 113, 719
What are the prime factors of 161596839?
3, 53865613
What are the prime factors of 161198487?
3, 233, 76871
List the prime factors of 490175197.
29, 16902593
What are the prime factors of 114029791?
23, 4957817
What are the prime factors of 614900774?
2, 43, 7150009
What are the prime factors of 393208461?
3, 67, 652087
List the prime factors of 263063034.
2, 3, 13, 86477
List the prime factors of 2986361744.
2, 53, 3521653
List the prime factors of 6468218690.
2, 5, 277, 2335097
List the prime factors of 587114527.
83, 751, 9419
List the prime factors of 154357920.
2, 3, 5, 35731
What are the prime factors of 538429173?
3, 31, 53, 313, 349
What are the prime factors of 3356381504?
2, 7, 7491923
What are the prime factors of 444087846?
2, 3, 29, 389
List the prime factors of 55049462.
2, 13, 2117287
What are the prime factors of 231846623?
11443, 20261
What are the prime factors of 175952077?
7, 29, 866759
What are the prime factors of 55888776?
2, 3, 776233
List the prime factors of 3949970433.
3, 29, 45401959
List the prime factors of 2335649398.
2, 1167824699
What are the prime factors of 228904001?
19, 79, 152501
List the prime factors of 5539693.
787, 7039
What are the prime factors of 1612300634?
2, 7, 619, 186049
What are the prime factors of 6901628873?
17, 167, 2431007
What are the prime factors of 549293683?
73, 1427, 5273
List the prime factors of 2700595340.
2, 5, 4423, 30529
List the prime factors of 177752054.
2, 79, 1125013
List the prime factors of 103737355.
5, 20747471
List the prime factors of 167812271.
11, 15255661
List the prime factors of 1132097412.
2, 3, 41, 2301011
What are the prime factors of 115139109?
3, 38379703
List the prime factors of 683010545.
5, 7, 19514587
List the prime factors of 48313797.
3, 7, 29, 79333
List the prime factors of 44416891.
313, 141907
List the prime factors of 345842613.
3, 38426957
List the prime factors of 44859364.
2, 11, 1019531
What are the prime factors of 1038303839?
12659, 82021
What are the prime factors of 473233158?
2, 3, 73, 120049
What are the prime factors of 117527922?
2, 3, 149, 541
What are the prime factors of 6453973398?
2, 3, 17, 63274249
List the prime factors of 368211303.
3, 461, 88747
What are the prime factors of 1792100377?
1543, 1161439
List the prime factors of 24928048.
2, 47, 33149
List the prime factors of 32775120.
2, 3, 5, 7, 929
What are the prime factors of 2304423508?
2, 17, 33888581
What are the prime factors of 1055293201?
109, 9681589
What are the prime factors of 6397863?
3, 61, 34961
What are the prime factors of 22753379?
11, 2068489
What are the prime factors of 258785598?
2, 3, 43130933
What are the prime factors of 929931292?
2, 232482823
What are the prime factors of 2864734?
2, 277, 5171
List the prime factors of 115873729.
115873729
What are the prime factors of 71234646?
2, 3, 7, 1153, 1471
List the prime factors of 1006182394.
2, 7, 41, 79, 22189
List the prime factors of 1678360444.
2, 5927, 70793
What are the prime factors of 80497988?
2, 263, 76519
What are the prime factors of 2980049403?
3, 107, 9283643
What are the prime factors of 140025504?
2, 3, 1458599
List the prime factors of 151909838.
2, 41, 1852559
List the prime factors of 617055104.
2, 47, 109, 941
List the prime factors of 43143294.
2, 3, 313, 22973
List the prime factors of 127045362.
2, 3, 19, 97, 11489
List the prime factors of 168436505.
5, 89, 378509
What are the prime factors of 118652485?
5, 7, 29, 139
What are the prime factors of 27882648?
2, 3, 271, 1429
What are the prime factors of 2673075521?
43, 71, 79, 11083
List the prime factors of 1348842173.
7, 101, 859, 2221
What are the prime factors of 1434313432?
2, 1873, 95723
What are the prime factors of 4339103720?
2, 5, 7, 19, 815621
List the prime factors of 36565571.
7, 1993, 2621
What are the prime factors of 146466917?
17, 61, 141241
What are the prime factors of 1473628394?
2, 7, 1609, 65419
What are the prime factors of 187861702?
2, 7, 19, 67, 83, 127
List the prime factors of 941111481.
3, 313703827
List the prime factors of 859130320.
2, 5, 10739129
What are the prime factors of 6108703445?
5, 13, 93980053
What are the prime factors of 52191887?
11, 17, 71, 3931
List the prime factors of 1417617362.
2, 7, 2699, 37517
List the prime factors of 40325886.
2, 3, 617, 3631
List the prime factors of 2350727361.
3, 67, 113, 34499
What are the prime factors of 2762253352?
2, 37, 1823, 5119
What are the prime factors of 4068426069?
3, 151, 997897
What are the prime factors of 377781467?
7, 53968781
What are the prime factors of 190636648?
2, 23829581
List the prime factors of 63743672.
2, 23, 346433
List the prime factors of 153064172.
2, 23, 59, 163, 173
List the prime factors of 1146740417.
23, 29, 359, 4789
What are the prime factors of 567011161?
29, 19552109
What are the prime factors of 6027586?
2, 1187, 2539
List the prime factors of 3846069434.
2, 163, 11797759
List the prime factors of 177635285.
5, 35527057
What are the prime factors of 109976765?
5, 37, 594469
What are the prime factors of 1748597436?
2, 3, 19, 852143
List the prime factors of 263883989.
19, 67, 207293
List the prime factors of 104789839.
7, 11, 43, 31649
What are the prime factors of 3161829297?
3, 11, 23, 71, 2551
What are the prime factors of 42975858?
2, 3, 31, 231053
List the prime factors of 1147389957.
3, 7, 2357, 7727
What are the prime factors of 17321457?
3, 5773819
List the prime factors of 1091274500.
2, 5, 19, 313, 367
What are the prime factors of 62753213?
62753213
List the prime factors of 3519234595.
5, 43, 197, 83089
What are the prime factors of 344353596?
2, 3, 139, 206447
What are the prime factors of 105655436?
2, 47, 561997
List the prime factors of 58885570.
2, 5, 5888557
List the prime factors of 2453368380.
2, 3, 5, 40889473
What are the prime factors of 2997829401?
3, 7, 142753781
List the prime factors of 1285733906.
2, 1213, 529981
List the prime factors of 69380279.
69380279
L